{"id":1406,"date":"2025-01-03T15:31:37","date_gmt":"2025-01-03T14:31:37","guid":{"rendered":"https:\/\/jakob-heymann.de\/?page_id=1406"},"modified":"2025-01-13T18:25:48","modified_gmt":"2025-01-13T17:25:48","slug":"startseite-neu","status":"publish","type":"page","link":"https:\/\/jakob-heymann.de\/?page_id=1406","title":{"rendered":"Startseite neu"},"content":{"rendered":"<p>[et_pb_section fb_built=&#8220;1&#8243; fullwidth=&#8220;on&#8220; disabled_on=&#8220;off|off|on&#8220; _builder_version=&#8220;4.20.2&#8243; _module_preset=&#8220;default&#8220; global_colors_info=&#8220;{}&#8220;][et_pb_fullwidth_header title=&#8220;Jakob Heymann&#8220; subhead=&#8220;Liedermacher&#8220; _builder_version=&#8220;4.20.2&#8243; _module_preset=&#8220;default&#8220; title_text_align=&#8220;center&#8220; title_text_color=&#8220;#204040&#8243; title_font_size=&#8220;50px&#8220; subhead_text_align=&#8220;center&#8220; subhead_text_color=&#8220;#204040&#8243; subhead_font_size=&#8220;30px&#8220; subhead_line_height=&#8220;1.5em&#8220; background_enable_color=&#8220;off&#8220; background_image=&#8220;https:\/\/jakob-heymann.de\/wp-content\/uploads\/2016\/03\/jakob_zeichnung.jpg&#8220; background_size=&#8220;contain&#8220; background_position=&#8220;bottom_center&#8220; min_height_tablet=&#8220;&#8220; min_height_phone=&#8220;&#8220; min_height_last_edited=&#8220;on|desktop&#8220; custom_margin=&#8220;-20px||||false|false&#8220; custom_padding=&#8220;0px|||||&#8220; animation_style=&#8220;flip&#8220; global_colors_info=&#8220;{}&#8220;][\/et_pb_fullwidth_header][\/et_pb_section][et_pb_section fb_built=&#8220;1&#8243; fullwidth=&#8220;on&#8220; disabled_on=&#8220;on|on|off&#8220; _builder_version=&#8220;4.20.2&#8243; _module_preset=&#8220;default&#8220; global_colors_info=&#8220;{}&#8220;][et_pb_fullwidth_header title=&#8220;Jakob Heymann&#8220; subhead=&#8220;Liedermacher&#8220; _builder_version=&#8220;4.20.2&#8243; _module_preset=&#8220;default&#8220; title_text_align=&#8220;center&#8220; title_text_color=&#8220;#204040&#8243; title_font_size=&#8220;60px&#8220; subhead_text_align=&#8220;center&#8220; subhead_text_color=&#8220;#204040&#8243; subhead_font_size=&#8220;36px&#8220; subhead_line_height=&#8220;1.3em&#8220; background_image=&#8220;https:\/\/jakob-heymann.de\/wp-content\/uploads\/2016\/03\/jakobheader_200px1-01.jpg&#8220; min_height=&#8220;500px&#8220; min_height_tablet=&#8220;500px&#8220; min_height_phone=&#8220;500px&#8220; min_height_last_edited=&#8220;on|desktop&#8220; custom_padding=&#8220;||0px|||&#8220; animation_style=&#8220;flip&#8220; global_colors_info=&#8220;{}&#8220;][\/et_pb_fullwidth_header][\/et_pb_section][et_pb_section fb_built=&#8220;1&#8243; module_id=&#8220;aktuell&#8220; _builder_version=&#8220;4.20.2&#8243; _module_preset=&#8220;default&#8220; custom_padding=&#8220;0px||0px|||&#8220; global_colors_info=&#8220;{}&#8220;][et_pb_row _builder_version=&#8220;4.20.2&#8243; _module_preset=&#8220;default&#8220; global_colors_info=&#8220;{}&#8220;][et_pb_column type=&#8220;4_4&#8243; _builder_version=&#8220;4.20.2&#8243; _module_preset=&#8220;default&#8220; global_colors_info=&#8220;{}&#8220;][et_pb_text _builder_version=&#8220;4.20.2&#8243; _module_preset=&#8220;default&#8220; text_font=&#8220;OPTIVenus-Light||||||||&#8220; header_2_font=&#8220;OPTIVenusBold-Condensed||||||||&#8220; header_2_font_size=&#8220;30px&#8220; animation_style=&#8220;fade&#8220; global_colors_info=&#8220;{}&#8220;]<\/p>\n<h2>Aktuelles<\/h2>\n<p>&nbsp;<\/p>\n<h3>Mein neues Album<\/h3>\n<p><iframe style=\"border-radius: 12px;\" src=\"https:\/\/open.spotify.com\/embed\/album\/0j2AZ53QtTDWeyt3uixEOv?utm_source=generator\" width=\"100%\" height=\"352\" frameborder=\"0\" allowfullscreen=\"\" allow=\"autoplay; clipboard-write; encrypted-media; fullscreen; picture-in-picture\" loading=\"lazy\"><\/iframe><\/p>\n<p>Reinh\u00f6ren \u00fcber verschiedene Streaming-Anbieter: <a href=\"https:\/\/bfan.link\/musik-fur-optimisten\" target=\"_blank\" rel=\"noopener\">https:\/\/bfan.link\/musik-fur-optimisten<\/a><\/p>\n<p>[\/et_pb_text][\/et_pb_column][\/et_pb_row][\/et_pb_section][et_pb_section fb_built=&#8220;1&#8243; module_id=&#8220;termine&#8220; _builder_version=&#8220;4.20.2&#8243; _module_preset=&#8220;default&#8220; background_color=&#8220;#305050&#8243; custom_padding=&#8220;0px||0px|||&#8220; global_colors_info=&#8220;{}&#8220;][et_pb_row _builder_version=&#8220;4.20.2&#8243; _module_preset=&#8220;default&#8220; global_colors_info=&#8220;{}&#8220;][et_pb_column type=&#8220;4_4&#8243; _builder_version=&#8220;4.20.2&#8243; _module_preset=&#8220;default&#8220; global_colors_info=&#8220;{}&#8220;][et_pb_text _builder_version=&#8220;4.20.2&#8243; _module_preset=&#8220;default&#8220; header_2_text_color=&#8220;#FFFFFF&#8220; header_2_font_size=&#8220;30px&#8220; custom_margin=&#8220;15px|||||&#8220; hover_enabled=&#8220;0&#8243; global_colors_info=&#8220;{}&#8220; sticky_enabled=&#8220;0&#8243;]<\/p>\n<h2>Termine<\/h2>\n<p>[\/et_pb_text][\/et_pb_column][\/et_pb_row][\/et_pb_section][et_pb_section fb_built=&#8220;1&#8243; fullwidth=&#8220;on&#8220; theme_builder_area=&#8220;post_content&#8220; _builder_version=&#8220;4.20.2&#8243; _module_preset=&#8220;default&#8220;][et_pb_fullwidth_image src=&#8220;https:\/\/jakob-heymann.de\/wp-content\/uploads\/2025\/01\/Jakob-Foto-scaled.jpg&#8220; _builder_version=&#8220;4.20.2&#8243; _module_preset=&#8220;default&#8220; theme_builder_area=&#8220;post_content&#8220; title_text=&#8220;Jakob Foto&#8220; hover_enabled=&#8220;0&#8243; sticky_enabled=&#8220;0&#8243;][\/et_pb_fullwidth_image][\/et_pb_section][et_pb_section fb_built=&#8220;1&#8243; module_id=&#8220;video&#8220; _builder_version=&#8220;4.20.2&#8243; _module_preset=&#8220;default&#8220; custom_padding=&#8220;0px||0px|||&#8220; global_colors_info=&#8220;{}&#8220;][et_pb_row _builder_version=&#8220;4.20.2&#8243; _module_preset=&#8220;default&#8220; global_colors_info=&#8220;{}&#8220;][et_pb_column type=&#8220;4_4&#8243; _builder_version=&#8220;4.20.2&#8243; _module_preset=&#8220;default&#8220; global_colors_info=&#8220;{}&#8220;][et_pb_text _builder_version=&#8220;4.20.2&#8243; _module_preset=&#8220;default&#8220; header_2_font_size=&#8220;30px&#8220; custom_margin=&#8220;17px|||||&#8220; animation_style=&#8220;fade&#8220; hover_enabled=&#8220;0&#8243; global_colors_info=&#8220;{}&#8220; sticky_enabled=&#8220;0&#8243;]<\/p>\n<h2>Medien<\/h2>\n<p>[\/et_pb_text][et_pb_text _builder_version=&#8220;4.20.2&#8243; _module_preset=&#8220;default&#8220; hover_enabled=&#8220;0&#8243; sticky_enabled=&#8220;0&#8243;]<\/p>\n<h3>Videos<\/h3>\n<p>[\/et_pb_text][et_pb_text _builder_version=&#8220;4.20.2&#8243; _module_preset=&#8220;default&#8220; header_2_font_size=&#8220;30px&#8220; animation_style=&#8220;slide&#8220; global_colors_info=&#8220;{}&#8220;]<\/p>\n<p><iframe title=\"Jakob Heymann - schon OK\" width=\"1080\" height=\"608\" src=\"https:\/\/www.youtube.com\/embed\/hRHbyha82_o?feature=oembed\"  allow=\"accelerometer; autoplay; clipboard-write; encrypted-media; gyroscope; picture-in-picture; web-share\" referrerpolicy=\"strict-origin-when-cross-origin\" allowfullscreen><\/iframe><\/p>\n<p><iframe title=\"Jakob Heymann - geh mir nicht aufn Sack\" width=\"1080\" height=\"608\" src=\"https:\/\/www.youtube.com\/embed\/zLTmdufFg8M?feature=oembed\"  allow=\"accelerometer; autoplay; clipboard-write; encrypted-media; gyroscope; picture-in-picture; web-share\" referrerpolicy=\"strict-origin-when-cross-origin\" allowfullscreen><\/iframe><\/p>\n<p><iframe title=\"Jakob Heymann -  ##@@@ (ich mach Projekte) Live NDR ComedyContest\" width=\"1080\" height=\"608\" src=\"https:\/\/www.youtube.com\/embed\/i3KnJGuftoE?feature=oembed\"  allow=\"accelerometer; autoplay; clipboard-write; encrypted-media; gyroscope; picture-in-picture; web-share\" referrerpolicy=\"strict-origin-when-cross-origin\" allowfullscreen><\/iframe><\/p>\n<p><iframe title=\"Jakob Heymann &amp; Das Emp\u00f6rium - Menschenleben\" width=\"1080\" height=\"608\" src=\"https:\/\/www.youtube.com\/embed\/K-9wMzeKqzY?feature=oembed\"  allow=\"accelerometer; autoplay; clipboard-write; encrypted-media; gyroscope; picture-in-picture; web-share\" referrerpolicy=\"strict-origin-when-cross-origin\" allowfullscreen><\/iframe><\/p>\n<p><iframe title=\"Jakob Heymann - Lied ohne Grenzen\" width=\"1080\" height=\"608\" src=\"https:\/\/www.youtube.com\/embed\/pqZi5Y-Wtwo?feature=oembed\"  allow=\"accelerometer; autoplay; clipboard-write; encrypted-media; gyroscope; picture-in-picture; web-share\" referrerpolicy=\"strict-origin-when-cross-origin\" allowfullscreen><\/iframe><\/p>\n<p><iframe title=\"JAKOB HEYMANN P\u00e4dagoge (Live im Pantheon Theater Bonn, 2016)\" width=\"1080\" height=\"608\" src=\"https:\/\/www.youtube.com\/embed\/G0cwDF_4zqM?feature=oembed\"  allow=\"accelerometer; autoplay; clipboard-write; encrypted-media; gyroscope; picture-in-picture; web-share\" referrerpolicy=\"strict-origin-when-cross-origin\" allowfullscreen><\/iframe><\/p>\n<p>[\/et_pb_text][et_pb_text _builder_version=&#8220;4.20.2&#8243; _module_preset=&#8220;default&#8220; hover_enabled=&#8220;0&#8243; sticky_enabled=&#8220;0&#8243;]<\/p>\n<h3>Fotos<\/h3>\n<p>[\/et_pb_text][et_pb_gallery _builder_version=&#8220;4.20.2&#8243; _module_preset=&#8220;default&#8220; gallery_ids=&#8220;1601,1600,1599,1598,1597,1596,1595,1594&#8243; hover_enabled=&#8220;0&#8243; sticky_enabled=&#8220;0&#8243; posts_number=&#8220;10&#8243; show_title_and_caption=&#8220;off&#8220; show_pagination=&#8220;off&#8220; orientation=&#8220;portrait&#8220;][\/et_pb_gallery][\/et_pb_column][\/et_pb_row][\/et_pb_section][et_pb_section fb_built=&#8220;1&#8243; fullwidth=&#8220;on&#8220; _builder_version=&#8220;4.20.2&#8243; _module_preset=&#8220;default&#8220; global_colors_info=&#8220;{}&#8220;][et_pb_fullwidth_image src=&#8220;https:\/\/jakob-heymann.de\/wp-content\/uploads\/2025\/01\/AAAAA_Postkarte_vorn1-scaled.jpg&#8220; title_text=&#8220;AAAAA_Postkarte_vorn1&#8243; _builder_version=&#8220;4.20.2&#8243; _module_preset=&#8220;default&#8220; global_colors_info=&#8220;{}&#8220;][\/et_pb_fullwidth_image][\/et_pb_section][et_pb_section fb_built=&#8220;1&#8243; module_id=&#8220;shop&#8220; _builder_version=&#8220;4.20.2&#8243; _module_preset=&#8220;default&#8220; custom_padding=&#8220;0px||0px|||&#8220; global_colors_info=&#8220;{}&#8220;][et_pb_row _builder_version=&#8220;4.20.2&#8243; _module_preset=&#8220;default&#8220; custom_padding=&#8220;18px||0px|||&#8220; global_colors_info=&#8220;{}&#8220;][et_pb_column type=&#8220;4_4&#8243; _builder_version=&#8220;4.20.2&#8243; _module_preset=&#8220;default&#8220; global_colors_info=&#8220;{}&#8220;][et_pb_text _builder_version=&#8220;4.20.2&#8243; _module_preset=&#8220;default&#8220; header_2_font_size=&#8220;30px&#8220; custom_margin=&#8220;50px|||||&#8220; animation_style=&#8220;fade&#8220; global_colors_info=&#8220;{}&#8220;]<\/p>\n<h2>Shop<\/h2>\n<p>[\/et_pb_text][et_pb_shop _builder_version=&#8220;4.20.2&#8243; _module_preset=&#8220;default&#8220; animation_style=&#8220;zoom&#8220; global_colors_info=&#8220;{}&#8220;][\/et_pb_shop][\/et_pb_column][\/et_pb_row][\/et_pb_section][et_pb_section fb_built=&#8220;1&#8243; module_id=&#8220;presse&#8220; _builder_version=&#8220;4.20.2&#8243; _module_preset=&#8220;default&#8220; custom_padding=&#8220;0px||5px|||&#8220; hover_enabled=&#8220;0&#8243; global_colors_info=&#8220;{}&#8220; title_text=&#8220;_MJR4481&#8243; background_image=&#8220;https:\/\/jakob-heymann.de\/wp-content\/uploads\/2025\/01\/MJR4481-scaled.jpg&#8220; sticky_enabled=&#8220;0&#8243; background_enable_color=&#8220;off&#8220; parallax=&#8220;on&#8220; parallax_method=&#8220;off&#8220; background_blend=&#8220;soft-light&#8220; use_background_color_gradient=&#8220;on&#8220; background_color_gradient_stops=&#8220;#000000 0%|#000000 100%&#8220; background_color_gradient_overlays_image=&#8220;on&#8220;][et_pb_row _builder_version=&#8220;4.20.2&#8243; _module_preset=&#8220;default&#8220; global_colors_info=&#8220;{}&#8220;][et_pb_column type=&#8220;4_4&#8243; _builder_version=&#8220;4.20.2&#8243; _module_preset=&#8220;default&#8220; global_colors_info=&#8220;{}&#8220;][et_pb_text _builder_version=&#8220;4.20.2&#8243; _module_preset=&#8220;default&#8220; text_text_color=&#8220;#FFFFFF&#8220; header_2_text_color=&#8220;#FFFFFF&#8220; header_3_text_color=&#8220;#FFFFFF&#8220; custom_margin=&#8220;22px|||||&#8220; animation_style=&#8220;fade&#8220; hover_enabled=&#8220;0&#8243; global_colors_info=&#8220;{}&#8220; text_text_shadow_style=&#8220;preset5&#8243; text_text_shadow_color=&#8220;#000000&#8243; sticky_enabled=&#8220;0&#8243;]<\/p>\n<h2>Presse<\/h2>\n<p>&nbsp;<\/p>\n<h3>Pressestimmen<\/h3>\n<p>&nbsp;<\/p>\n<p>\u201eEr kennt die Akkorde (meistens), er wei\u00df um die Macht des Wortes und ist vertraut mit den Irrwegen der Menschen. Seine Musik ist Handwerk und Kunstgriff zugleich. Sie entsteht auf der B\u00fchne und im Publikum. Sie schraubt sich direkt in die Seele und nistet sich dort auf wundersam selbstverst\u00e4ndliche Weise ein. Mit der Gitarre als Weltempf\u00e4nger macht er die kleinen Dinge gro\u00df und umgekehrt.\u201c<\/p>\n<p>Zitat: Jonte von D\u00f6llen (K\u00fcnstler, Musiker, Kneipier), Juni 2016<\/p>\n<p>&nbsp;<\/p>\n<p>\u201e\u2026 aber das gewisse Etwas hatte nur einer: Jakob Heymann. Was f\u00fcr eine Stimme! Mal hinrei\u00dfend-hymnisch sich aufschwingend, wie Konstantin Wecker das kann; dann j\u00e4h sich dynamisch zur\u00fccknehmend. Ein beachtlicher Stimmumfang, der bruchlos in den \u00dcberg\u00e4ngen bis ins Falsett reichte. Pointiertes Erz\u00e4hlen, witzige Inszenierung der St\u00fccke. Und dann eben noch der begeisternde Umgang mit der Elektronik, der Loop-Station.<\/p>\n<p>Rhythmen und Melodien wurden abgerufen und ver\u00e4ndert, karikierend begleitet mit S\u00e4ngerposen und deren typischen Phrasen. Sch\u00f6ne und vor allem absolut gekonnte Selbstironisierung. Heymann zeigte neue Ufer des Liedermachens. Chapeau!\u201c<\/p>\n<p>Zitat: Braunschweiger Zeitung, Okt. 2016<\/p>\n<p>&nbsp;<\/p>\n<p>\u201eDer Bremer Jakob Heymann bekennt sich aus vollem Herzen zum Kitsch, genauer, zum Liedermacherkitsch, zum Pathos der gl\u00fchenden Herzen. Dabei balanciert er geschickt auf dem schmalen Grat zwischen Parodie und ehrlich empfundener Emphase.\u201c<\/p>\n<p>F\u00fcrther Nachrichten, September 2016<\/p>\n<p>&nbsp;<\/p>\n<p>[\/et_pb_text][et_pb_text _builder_version=&#8220;4.20.2&#8243; _module_preset=&#8220;default&#8220; header_3_text_color=&#8220;#FFFFFF&#8220; custom_margin=&#8220;||17px|||&#8220; global_colors_info=&#8220;{}&#8220;]<\/p>\n<h3>Pressekit<\/h3>\n<p>[\/et_pb_text][et_pb_button button_url=&#8220;https:\/\/schwarzlufft.de\/wp-content\/uploads\/2024\/09\/Pressematerial-Musik-fuer-Optimisten-BA.zip&#8220; url_new_window=&#8220;on&#8220; button_text=&#8220;Download Pressekit&#8220; _builder_version=&#8220;4.20.2&#8243; _module_preset=&#8220;default&#8220; custom_button=&#8220;on&#8220; button_text_size=&#8220;16px&#8220; button_text_color=&#8220;#FFFFFF&#8220; button_bg_color=&#8220;#204040&#8243; global_colors_info=&#8220;{}&#8220;][\/et_pb_button][\/et_pb_column][\/et_pb_row][\/et_pb_section][et_pb_section fb_built=&#8220;1&#8243; fullwidth=&#8220;on&#8220; disabled_on=&#8220;off|off|off&#8220; _builder_version=&#8220;4.20.2&#8243; _module_preset=&#8220;default&#8220; background_enable_image=&#8220;off&#8220; parallax=&#8220;on&#8220; parallax_method=&#8220;off&#8220; global_colors_info=&#8220;{}&#8220;][et_pb_fullwidth_header module_class=&#8220;para1&#8243; _builder_version=&#8220;4.20.2&#8243; _module_preset=&#8220;default&#8220; background_enable_color=&#8220;off&#8220; background_image=&#8220;https:\/\/jakob-heymann.de\/wp-content\/uploads\/2016\/04\/MR08775.jpg&#8220; background_position=&#8220;center_left&#8220; min_height=&#8220;540px&#8220; hover_enabled=&#8220;0&#8243; global_colors_info=&#8220;{}&#8220; sticky_enabled=&#8220;0&#8243;][\/et_pb_fullwidth_header][\/et_pb_section][et_pb_section fb_built=&#8220;1&#8243; module_id=&#8220;kontakt&#8220; _builder_version=&#8220;4.20.2&#8243; _module_preset=&#8220;default&#8220; custom_padding=&#8220;0px|||||&#8220; global_colors_info=&#8220;{}&#8220;][et_pb_row _builder_version=&#8220;4.20.2&#8243; _module_preset=&#8220;default&#8220; custom_padding=&#8220;50px|||||&#8220; global_colors_info=&#8220;{}&#8220;][et_pb_column type=&#8220;4_4&#8243; _builder_version=&#8220;4.20.2&#8243; _module_preset=&#8220;default&#8220; global_colors_info=&#8220;{}&#8220;][et_pb_text _builder_version=&#8220;4.20.2&#8243; _module_preset=&#8220;default&#8220; header_2_font_size=&#8220;30px&#8220; custom_margin=&#8220;-3px|||||&#8220; animation_style=&#8220;fade&#8220; hover_enabled=&#8220;0&#8243; global_colors_info=&#8220;{}&#8220; sticky_enabled=&#8220;0&#8243;]<\/p>\n<h2>Kontakt<\/h2>\n<p>[\/et_pb_text][et_pb_text _builder_version=&#8220;4.20.2&#8243; _module_preset=&#8220;default&#8220; animation_style=&#8220;slide&#8220; global_colors_info=&#8220;{}&#8220;]<\/p>\n<p>Booking:<br \/><a href=\"\/\/www.schwarzlufft.de\" target=\"_blank\" rel=\"noopener\">www.schwarzlufft.de<\/a><br \/><a href=\"mailto:lufft@schwarzlufft.de\" target=\"_blank\" rel=\"noopener\">lufft@schwarzlufft.de<\/a><\/p>\n<p>Falls du Fragen und Anregungen hast an: <br \/><a href=\"mailto:schwarz@schwarzlufft.de\" target=\"_blank\" rel=\"noopener\">schwarz@schwarzlufft.de<\/a><br \/><a href=\"mailto:kontakt@jakob-heymann.de\" target=\"_blank\" rel=\"noopener\">kontakt@jakob-heymann.de<\/a><\/p>\n<p>[\/et_pb_text][\/et_pb_column][\/et_pb_row][et_pb_row _builder_version=&#8220;4.20.2&#8243; _module_preset=&#8220;default&#8220; global_colors_info=&#8220;{}&#8220;][et_pb_column type=&#8220;4_4&#8243; _builder_version=&#8220;4.20.2&#8243; _module_preset=&#8220;default&#8220; global_colors_info=&#8220;{}&#8220;][et_pb_text _builder_version=&#8220;4.20.2&#8243; _module_preset=&#8220;default&#8220; animation_style=&#8220;slide&#8220; global_colors_info=&#8220;{}&#8220;]<\/p>\n<h3>Jakob auf Social Media<\/h3>\n<p>[\/et_pb_text][et_pb_social_media_follow _builder_version=&#8220;4.20.2&#8243; _module_preset=&#8220;default&#8220; animation_style=&#8220;slide&#8220; global_colors_info=&#8220;{}&#8220;][et_pb_social_media_follow_network social_network=&#8220;instagram&#8220; url=&#8220;https:\/\/www.instagram.com\/heymannjakob\/&#8220; _builder_version=&#8220;4.20.2&#8243; _module_preset=&#8220;default&#8220; background_color=&#8220;#ea2c59&#8243; global_colors_info=&#8220;{}&#8220; follow_button=&#8220;off&#8220; url_new_window=&#8220;on&#8220;]instagram[\/et_pb_social_media_follow_network][et_pb_social_media_follow_network social_network=&#8220;facebook&#8220; url=&#8220;https:\/\/www.facebook.com\/jakobheymannLieder\/&#8220; _builder_version=&#8220;4.20.2&#8243; _module_preset=&#8220;default&#8220; background_color=&#8220;#3b5998&#8243; global_colors_info=&#8220;{}&#8220; follow_button=&#8220;off&#8220; url_new_window=&#8220;on&#8220;]facebook[\/et_pb_social_media_follow_network][et_pb_social_media_follow_network social_network=&#8220;spotify&#8220; url=&#8220;https:\/\/open.spotify.com\/intl-de\/artist\/54BrQGyLY8R4oo0mnrZPPZ?si=IG_J9qEKR-WcwacRMXtxOQ&#038;nd=1&#038;dlsi=668e4452ea254e78&#8243; _builder_version=&#8220;4.20.2&#8243; _module_preset=&#8220;default&#8220; background_color=&#8220;#1db954&#8243; global_colors_info=&#8220;{}&#8220; follow_button=&#8220;off&#8220; url_new_window=&#8220;on&#8220;]spotify[\/et_pb_social_media_follow_network][\/et_pb_social_media_follow][\/et_pb_column][\/et_pb_row][\/et_pb_section]<\/p>\n","protected":false},"excerpt":{"rendered":"<p>Aktuelles &nbsp; Mein neues Album Reinh\u00f6ren \u00fcber verschiedene Streaming-Anbieter: https:\/\/bfan.link\/musik-fur-optimistenTermineMedienVideoshttps:\/\/www.youtube.com\/watch?v=hRHbyha82_o https:\/\/www.youtube.com\/watch?v=zLTmdufFg8M&amp;ab_channel=JakobHeymann https:\/\/www.youtube.com\/watch?v=i3KnJGuftoE&amp;ab_channel=JakobHeymann https:\/\/youtu.be\/K-9wMzeKqzY?si=EInZsh5RwDvwLsZQ https:\/\/youtu.be\/pqZi5Y-Wtwo?si=ZOlD-2gV2CAbAeAl https:\/\/youtu.be\/G0cwDF_4zqM?si=1cf-qD-nzI769sUQFotosShopPresse &nbsp; Pressestimmen &nbsp; \u201eEr kennt die Akkorde (meistens), er wei\u00df um die Macht des Wortes und ist vertraut mit den Irrwegen der Menschen. Seine Musik ist Handwerk und Kunstgriff zugleich. Sie entsteht auf der B\u00fchne und im Publikum. Sie schraubt [&hellip;]<\/p>\n","protected":false},"author":5,"featured_media":0,"parent":0,"menu_order":0,"comment_status":"closed","ping_status":"closed","template":"","meta":{"_et_pb_use_builder":"on","_et_pb_old_content":"","_et_gb_content_width":"","footnotes":""},"class_list":["post-1406","page","type-page","status-publish","hentry"],"_links":{"self":[{"href":"https:\/\/jakob-heymann.de\/index.php?rest_route=\/wp\/v2\/pages\/1406"}],"collection":[{"href":"https:\/\/jakob-heymann.de\/index.php?rest_route=\/wp\/v2\/pages"}],"about":[{"href":"https:\/\/jakob-heymann.de\/index.php?rest_route=\/wp\/v2\/types\/page"}],"author":[{"embeddable":true,"href":"https:\/\/jakob-heymann.de\/index.php?rest_route=\/wp\/v2\/users\/5"}],"replies":[{"embeddable":true,"href":"https:\/\/jakob-heymann.de\/index.php?rest_route=%2Fwp%2Fv2%2Fcomments&post=1406"}],"version-history":[{"count":56,"href":"https:\/\/jakob-heymann.de\/index.php?rest_route=\/wp\/v2\/pages\/1406\/revisions"}],"predecessor-version":[{"id":1611,"href":"https:\/\/jakob-heymann.de\/index.php?rest_route=\/wp\/v2\/pages\/1406\/revisions\/1611"}],"wp:attachment":[{"href":"https:\/\/jakob-heymann.de\/index.php?rest_route=%2Fwp%2Fv2%2Fmedia&parent=1406"}],"curies":[{"name":"wp","href":"https:\/\/api.w.org\/{rel}","templated":true}]}}